divided by 1856.
1855
Calculate the remainder when 803622 is divided by 386.
356
What is the remainder when 4008657 is divided by 1002150?
57
What is the remainder when 15444 is divided by 2690?
1994
What is the remainder when 2132315 is divided by 5671?
19
Calculate the remainder when 5563105 is divided by 14.
9
What is the remainder when 84276355 is divided by 2524?
2519
Calculate the remainder when 674689 is divided by 9761.
1180
What is the remainder when 312382 is divided by 16441?
3
Calculate the remainder when 1596418 is divided by 798179.
60
Calculate the remainder when 12706874 is divided by 98.
96
What is the remainder when 4556545 is divided by 52?
45
Calculate the remainder when 2707 is divided by 1686.
1021
Calculate the remainder when 5787424 is divided by 2893029.
1366
What is the remainder when 24257733 is divided by 9813?
9810
What is the remainder when 16010017 is divided by 266?
9
What is the remainder when 60349 is divided by 30114?
121
Calculate the remainder when 182921367 is divided by 698.
695
What is the remainder when 43166298 is divided by 21583147?
4
What is the remainder when 599541 is divided by 101?
5
Calculate the remainder when 223084 is divided by 220890.
2194
Calculate the remainder when 135016 is divided by 1545.
601
Calculate the remainder when 167006 is divided by 517.
15
What is the remainder when 4919254 is divided by 136?
134
Calculate the remainder when 10973290 is divided by 1938.
334
Calculate the remainder when 3737309 is divided by 32218.
21
What is the remainder when 15419185 is divided by 481848?
49
What is the remainder when 2150723 is divided by 177?
173
What is the remainder when 114631162 is divided by 64?
58
What is the remainder when 8380082 is divided by 759?
722
Calculate the remainder when 1054588 is divided by 8492.
1580
Calculate the remainder when 2906958 is divided by 1066.
1042
What is the remainder when 242906 is divided by 80328?
1922
What is the remainder when 15760283 is divided by 304?
11
Calculate the remainder when 234507 is divided by 5581.
105
What is the remainder when 1335181 is divided by 1365?
211
What is the remainder when 314840 is divided by 157368?
104
Calculate the remainder when 144463 is divided by 339.
49
What is the remainder when 43254015 is divided by 445?
15
What is the remainder when 3492 is divided by 391?
364
What is the remainder when 1186206 is divided by 18249?
21
Calculate the remainder when 32090484 is divided by 29.
12
Calculate the remainder when 4993856 is divided by 156.
140
Calculate the remainder when 217353 is divided by 1753.
1734
Calculate the remainder when 78663309 is divided by 1044.
1041
Calculate the remainder when 74574 is divided by 35839.
2896
What is the remainder when 8876652 is divided by 1441?
92
What is the remainder when 497656 is divided by 5288?
584
Calculate the remainder when 9783 is divided by 9285.
498
What is the remainder when 5443343 is divided by 272148?
383
What is the remainder when 331188 is divided by 535?
23
What is the remainder when 410385 is divided by 154?
129
What is the remainder when 6043232 is divided by 123?
119
Calculate the remainder when 143738 is divided by 434.
84
Calculate the remainder when 43215 is divided by 772.
755
Calculate the remainder when 154751967 is divided by 10165.
7
What is the remainder when 1083368 is divided by 4709?
298
What is the remainder when 61896 is divided by 61682?
214
What is the remainder when 22386005 is divided by 2209?
2208
Calculate the remainder when 30397611 is divided by 78.
75
What is the remainder when 25891888 is divided by 1618243?
0
Calculate the remainder when 57657687 is divided by 34.
11
What is the remainder when 60657339 is divided by 8796?
123
What is the remainder when 521317 is divided by 196?
153
What is the remainder when 156396 is divided by 1884?
24
What is the remainder when 3220164 is divided by 791?
3
What is the remainder when 7199433 is divided by 2631?
1017
What is the remainder when 66946 is divided by 1689?
1075
What is the remainder when 2195347 is divided by 548825?
47
Calculate the remainder when 2903194 is divided by 475.
469
Calculate the remainder when 817016 is divided by 12160.
2296
Calculate the remainder when 277735 is divided by 4560.
4135
Calculate the remainder when 503229 is divided by 519.
318
Calculate the remainder when 545958781 is divided by 1708.
1705
Calculate the remainder when 17231503 is divided by 2898.
2893
Calculate the remainder when 608415 is divided by 101400.
15
What is the remainder when 181480 is divided by 98?
82
What is the remainder when 453897166 is divided by 227?
224
Calculate the remainder when 379704098 is divided by 862.
856
What is the remainder when 193195 is divided by 48047?
1007
Calculate the remainder when 11143385 is divided by 12.
5
What is the remainder when 41968 is divided by 41135?
833
Calculate the remainder when 4789828 is divided by 1838.
0
What is the remainder when 8446521 is divided by 2485?
6
Calculate the remainder when 169456 is divided by 5242.
1712
Calculate the remainder when 957545 is divided by 159584.
41
What is the remainder when 1930766 is divided by 11191?
5914
Calculate the remainder when 163741687 is divided by 383.
378
What is the remainder when 98769 is divided by 4556?
3093
Calculate the remainder when 80941590 is divided by 13280.
13270
What is the remainder when 362160 is divided by 361854?
306
Calculate the remainder when 419073 is divided by 888.
825
What is the remainder when 223778 is divided by 11030?
3178
Calculate the remainder when 979668 is divided by 65300.
168
Calculate the remainder when 1968001 is divided by 281134.
63
What is the remainder when 6571438 is divided by 19?
3
What is the remainder when 18663269 is divided by 19?
6
What is the remainder when 191078 is divided by 195?
173
Calculate the remainder when 151307 is divided by 1250.
57
Calculate the remainder when 4367140 is divided by 38.
28
Calculate the remainder when 1411585 is divided by 141.
34
Calculate the remainder when 197925 is divided by 21920.
645
What is the remainder when 422651 is divided by 1510?
1361
Calculate the remainder when 617505 is divided by 23750.
5
What is the remainder when 1890273545 is divided by 1206?
1205
Calculate the remainder when 124824 is divided by 3892.
280
Calculate the remainder when 3185457 is divided by 3440.
17
What is the remainder when 43136845 is divided by 329?
10
What is the remainder when 1591044 is divided by 29?
17
Calculate the remainder when 179509 is divided by 7732.
1673
Calculate the remainder when 27818530 is divided by 24.
10
Calculate the remainder when 9470998 is divided by 164.
162
Calculate the remainder when 936935 is divided by 6740.
75
What is the remainder when 1596218 is divided by 39879?
1058
What is the remainder when 359391 is divided by 95?
6
What is the remainder when 16375176 is divided by 42?
6
Calculate the remainder when 17099317 is divided by 5699760.
37
Calculate the remainder when 31989 is divided by 1178.
183
Calculate the remainder when 26392487 is divided by 782.
769
What is the remainder when 20965784 is divided by 1819?
1809
What is the remainder when 330998 is divided by 431?
421
Calculate the remainder when 334838 is divided by 3347.
138
What is the remainder when 2270693 is divided by 6451?
6392
What is the remainder when 4093672 is divided by 373?
370
What is the remainder when 208536 is divided by 3726?
3606
What is the remainder when 1349289 is divided by 476?
305
What is the remainder when 423920 is divided by 1209?
770
What is the remainder when 1118007 is divided by 1208?
607
What is the remainder when 47139 is divided by 2515?
1869
Calculate the remainder when 48901 is divided by 1653.
964
What is the remainder when 18137 is divided by 719?
162
Calculate the remainder when 62033 is divided by 31002.
29
What is the remainder when 853956 is divided by 63?
54
Calculate the remainder when 220755 is divided by 55092.
387
What is the remainder when 15744147 is divided by 15?
12
Calculate the remainder when 97428 is divided by 570.
528
What is the remainder when 19239699 is divided by 46?
15
Calculate the remainder when 5024999 is divided by 20.
19
What is the remainder when 5958901 is divided by 916